{"id":375,"date":"2025-04-24T23:18:00","date_gmt":"2025-04-24T23:18:00","guid":{"rendered":"https:\/\/benefitlog.com\/inicio\/?page_id=375"},"modified":"2025-04-28T13:59:03","modified_gmt":"2025-04-28T13:59:03","slug":"contacto","status":"publish","type":"page","link":"https:\/\/benefitlog.com\/inicio\/contacto\/","title":{"rendered":"Contacto"},"content":{"rendered":"\t\t<div data-elementor-type=\"wp-page\" data-elementor-id=\"375\" class=\"elementor elementor-375\">\n\t\t\t\t<div class=\"elementor-element elementor-element-248cbc2 e-flex e-con-boxed elementor-invisible e-con e-parent\" data-id=\"248cbc2\" data-element_type=\"container\" data-settings=\"{&quot;background_background&quot;:&quot;classic&quot;,&quot;animation&quot;:&quot;fadeInLeft&quot;}\">\n\t\t\t\t\t<div class=\"e-con-inner\">\n\t\t<div class=\"elementor-element elementor-element-18f35c3 e-con-full e-flex e-con e-child\" data-id=\"18f35c3\" data-element_type=\"container\" data-settings=\"{&quot;position&quot;:&quot;absolute&quot;,&quot;background_background&quot;:&quot;classic&quot;}\">\n\t\t\t\t<div class=\"elementor-element elementor-element-4aa1b27 elementor-widget elementor-widget-hubspot-form\" data-id=\"4aa1b27\" data-element_type=\"widget\" data-widget_type=\"hubspot-form.default\">\n\t\t\t\t<div class=\"elementor-widget-container\">\n\t\t\t\t\t\n\t\t\t\t\t\t<script>\n\t\t\t\t\t\t\twindow.hsFormsOnReady = window.hsFormsOnReady || [];\n\t\t\t\t\t\t\twindow.hsFormsOnReady.push(()=>{\n\t\t\t\t\t\t\t\thbspt.forms.create({\n\t\t\t\t\t\t\t\t\tportalId: 20024748,\n\t\t\t\t\t\t\t\t\tformId: \"789e4936-3467-4855-b2de-b66082fc2a18\",\n\t\t\t\t\t\t\t\t\ttarget: \"#hbspt-form-1776491870000-8546987418\",\n\t\t\t\t\t\t\t\t\tregion: \"na1\",\n\t\t\t\t\t\t\t\t\t\n\t\t\t\t\t\t\t})});\n\t\t\t\t\t\t<\/script>\n\t\t\t\t\t\t<div class=\"hbspt-form\" id=\"hbspt-form-1776491870000-8546987418\"><\/div>\t\t\t\t<\/div>\n\t\t\t\t<\/div>\n\t\t\t\t<\/div>\n\t\t\t\t\t<\/div>\n\t\t\t\t<\/div>\n\t\t<div class=\"elementor-element elementor-element-cb33549 e-flex e-con-boxed e-con e-parent\" data-id=\"cb33549\" data-element_type=\"container\" data-settings=\"{&quot;background_background&quot;:&quot;classic&quot;}\">\n\t\t\t\t\t<div class=\"e-con-inner\">\n\t\t<div class=\"elementor-element elementor-element-33eceea e-con-full e-grid e-con e-child\" data-id=\"33eceea\" data-element_type=\"container\">\n\t\t\t\t<div class=\"elementor-element elementor-element-90e02ff elementor-widget elementor-widget-image\" data-id=\"90e02ff\" data-element_type=\"widget\" data-widget_type=\"image.default\">\n\t\t\t\t<div class=\"elementor-widget-container\">\n\t\t\t\t\t\t\t\t\t\t\t\t\t\t\t<img decoding=\"async\" width=\"311\" height=\"84\" src=\"https:\/\/benefitlog.com\/inicio\/wp-content\/uploads\/2025\/03\/Logo-Benefit-Logistics@-165x45.png\" class=\"attachment-large size-large wp-image-17\" alt=\"\" srcset=\"https:\/\/benefitlog.com\/inicio\/wp-content\/uploads\/2025\/03\/Logo-Benefit-Logistics@.png 311w, https:\/\/benefitlog.com\/inicio\/wp-content\/uploads\/2025\/03\/Logo-Benefit-Logistics@-300x81.png 300w, https:\/\/benefitlog.com\/inicio\/wp-content\/uploads\/2025\/03\/Logo-Benefit-Logistics@-165x45.png 165w\" sizes=\"(max-width: 311px) 100vw, 311px\" \/>\t\t\t\t\t\t\t\t\t\t\t\t\t\t\t<\/div>\n\t\t\t\t<\/div>\n\t\t\t\t<\/div>\n\t\t<div class=\"elementor-element elementor-element-2dbe729 e-con-full e-flex e-con e-child\" data-id=\"2dbe729\" data-element_type=\"container\">\n\t\t\t\t<div class=\"elementor-element elementor-element-5063ec9 elementor-widget elementor-widget-elementskit-heading\" data-id=\"5063ec9\" data-element_type=\"widget\" data-widget_type=\"elementskit-heading.default\">\n\t\t\t\t<div class=\"elementor-widget-container\">\n\t\t\t\t\t<div class=\"ekit-wid-con\" ><div class=\"ekit-heading elementskit-section-title-wraper text_left   ekit_heading_tablet-text_center   ekit_heading_mobile-\"><h2 class=\"ekit-heading--title elementskit-section-title \"><span>Un Legado de Innovaci\u00f3n Log\u00edstica:<\/span> M\u00e1s de 30 a\u00f1os de experiencia en el sector.<\/h2><\/div><\/div>\t\t\t\t<\/div>\n\t\t\t\t<\/div>\n\t\t\t\t<div class=\"elementor-element elementor-element-a69150c elementor-align-left elementor-mobile-align-center elementor-widget elementor-widget-button\" data-id=\"a69150c\" data-element_type=\"widget\" data-widget_type=\"button.default\">\n\t\t\t\t<div class=\"elementor-widget-container\">\n\t\t\t\t\t\t\t\t\t<div class=\"elementor-button-wrapper\">\n\t\t\t\t\t<a class=\"elementor-button elementor-button-link elementor-size-sm\" href=\"#\">\n\t\t\t\t\t\t<span class=\"elementor-button-content-wrapper\">\n\t\t\t\t\t\t\t\t\t<span class=\"elementor-button-text\">Conoce m\u00e1s sobre nosotros<\/span>\n\t\t\t\t\t<\/span>\n\t\t\t\t\t<\/a>\n\t\t\t\t<\/div>\n\t\t\t\t\t\t\t\t<\/div>\n\t\t\t\t<\/div>\n\t\t\t\t<\/div>\n\t\t\t\t\t<\/div>\n\t\t\t\t<\/div>\n\t\t<div class=\"elementor-element elementor-element-9f27eb6 e-flex e-con-boxed e-con e-parent\" data-id=\"9f27eb6\" data-element_type=\"container\">\n\t\t\t\t\t<div class=\"e-con-inner\">\n\t\t\t\t<div class=\"elementor-element elementor-element-fb37ed5 elementor-widget elementor-widget-elementskit-heading\" data-id=\"fb37ed5\" data-element_type=\"widget\" data-widget_type=\"elementskit-heading.default\">\n\t\t\t\t<div class=\"elementor-widget-container\">\n\t\t\t\t\t<div class=\"ekit-wid-con\" ><div class=\"ekit-heading elementskit-section-title-wraper text_left   ekit_heading_tablet-text_center   ekit_heading_mobile-\"><h2 class=\"ekit-heading--title elementskit-section-title \"><span><span>Mant\u00e9nte Informado:<\/span><\/span> Las \u00daltimas Tendencias y Consejos en Log\u00edstica.<\/h2><\/div><\/div>\t\t\t\t<\/div>\n\t\t\t\t<\/div>\n\t\t\t\t<div class=\"elementor-element elementor-element-af6f137 ekit-blog-posts--bg-hover bg-hover-classic elementor-widget elementor-widget-elementskit-blog-posts\" data-id=\"af6f137\" data-element_type=\"widget\" data-widget_type=\"elementskit-blog-posts.default\">\n\t\t\t\t<div class=\"elementor-widget-container\">\n\t\t\t\t\t<div class=\"ekit-wid-con\" >        <div id=\"post-items--af6f137\" class=\"row post-items\">\n                    <div class=\"col-lg-4 col-md-6\">\n\n                                    <div class=\"elementskit-post-image-card\">\n                        <div class=\"elementskit-entry-header\">\n                                                            <a href=\"https:\/\/benefitlog.com\/inicio\/rutas-eficientes-y-trazabilidad-inteligente\/\" class=\"elementskit-entry-thumb\">\n                                    <img decoding=\"async\" src=\"https:\/\/benefitlog.com\/inicio\/wp-content\/uploads\/2025\/11\/20-DE-NOV-LINKEDIN-ARTICULO-1024x576.png\" alt=\"Rutas Eficientes y Trazabilidad Inteligente\">\n                                <\/a><!-- .elementskit-entry-thumb END -->\n                                                            \n                                                            <div class=\"elementskit-meta-categories\">\n                                    <span class=\"elementskit-meta-wraper\">\n                                        <span><a href=\"https:\/\/benefitlog.com\/inicio\/category\/consejos\/\" rel=\"category tag\">Consejos<\/a><\/span>\n                                    <\/span>\n                                <\/div>\n                            \n\t\t\t\t\t\t\t\t\t\t\t\t\t<\/div><!-- .elementskit-entry-header END -->\n\n\t\t\t\t\t\t<div class=\"elementskit-post-body \">\n\t\t\t\t\t\t\t\n\t\t\t\t\t\t\t\t\n\t\t\t\t\t\t\t\t\t\t\t\t\t\t\t\t\t\t\t\t\t<h2 class=\"entry-title\">\n\t\t\t\t\t<a href=\"https:\/\/benefitlog.com\/inicio\/rutas-eficientes-y-trazabilidad-inteligente\/\">\n\t\t\t\t\t\tRutas Eficientes y Trazabilidad Inteligente\t\t\t\t\t<\/a>\n\t\t\t\t<\/h2>\n\t\t\t\t\t\t\t\t\t\t\t\n\t\t\t\t\t\t\t\t\t\t\t\t\t\t\t\t\t\t\t\t\t\t\t\t\t\t\t\t\t\t\t\t\t\t\t\t\t\t\t<p>En el din\u00e1mico sector de la log\u00edstica, la promesa de una entrega&hellip;<\/p>\n\t\t\t\t\t\t\t\t\t\t\t\t\t\t\t\t\t\t\t\t\t\t\t\t\t\t\t\t\t\t\t\t\t\t\t\t\t\t\t\t\t\t<div class=\"post-meta-list\">\n\t\t\t\t\t\t\t\t\t\t\t\t\t\t\t\t\t\t\t\t\t\t\t\t\t\t\t\t\t\t\t\t<span class=\"meta-date\">\n\t\t\t\t\t\t\t\t\t\t<i aria-hidden=\"true\" class=\"icon icon-calendar3\"><\/i>\t\t\t\t\t\t\t\t\t\t<span class=\"meta-date-text\">\n\t\t\t\t\t\t\t\t\t\t\tnoviembre 20, 2025\t\t\t\t\t\t\t\t\t\t<\/span>\n\t\t\t\t\t\t\t\t\t<\/span>\n\t\t\t\t\t\t\t\t\t\t\t\t\t\t\t\t\t\t\t\t\t\t\t\t\t\t\t\t\t\t\t\t\t\t\t\t\t<\/div>\n\t\t\t\t\t\t\t\t\t\t\t\t                                                            <div class=\"btn-wraper\">\n                                                                            <a class=\"elementskit-btn whitespace--normal\" id=\"\" href=\"https:\/\/benefitlog.com\/inicio\/rutas-eficientes-y-trazabilidad-inteligente\/\">\n                                            Saber m\u00e1s                                                                                     <\/a>\n                                    \n                                                                    <\/div>\n                                                    <\/div><!-- .elementskit-post-body END -->\n                    <\/div>\n                \n            <\/div>\n                    <div class=\"col-lg-4 col-md-6\">\n\n                                    <div class=\"elementskit-post-image-card\">\n                        <div class=\"elementskit-entry-header\">\n                                                            <a href=\"https:\/\/benefitlog.com\/inicio\/certificaciones-logisticas\/\" class=\"elementskit-entry-thumb\">\n                                    <img decoding=\"async\" src=\"https:\/\/benefitlog.com\/inicio\/wp-content\/uploads\/2025\/10\/6-DE-NOV-LINKEDIN-ARTICULO-1-1024x576.png\" alt=\"Certificaciones Log\u00edsticas\">\n                                <\/a><!-- .elementskit-entry-thumb END -->\n                                                            \n                                                            <div class=\"elementskit-meta-categories\">\n                                    <span class=\"elementskit-meta-wraper\">\n                                        <span><a href=\"https:\/\/benefitlog.com\/inicio\/category\/consejos\/\" rel=\"category tag\">Consejos<\/a><\/span>\n                                    <\/span>\n                                <\/div>\n                            \n\t\t\t\t\t\t\t\t\t\t\t\t\t<\/div><!-- .elementskit-entry-header END -->\n\n\t\t\t\t\t\t<div class=\"elementskit-post-body \">\n\t\t\t\t\t\t\t\n\t\t\t\t\t\t\t\t\n\t\t\t\t\t\t\t\t\t\t\t\t\t\t\t\t\t\t\t\t\t<h2 class=\"entry-title\">\n\t\t\t\t\t<a href=\"https:\/\/benefitlog.com\/inicio\/certificaciones-logisticas\/\">\n\t\t\t\t\t\tCertificaciones Log\u00edsticas\t\t\t\t\t<\/a>\n\t\t\t\t<\/h2>\n\t\t\t\t\t\t\t\t\t\t\t\n\t\t\t\t\t\t\t\t\t\t\t\t\t\t\t\t\t\t\t\t\t\t\t\t\t\t\t\t\t\t\t\t\t\t\t\t\t\t\t<p>Las certificaciones en log\u00edstica son credenciales formales que avalan el conocimiento, la&hellip;<\/p>\n\t\t\t\t\t\t\t\t\t\t\t\t\t\t\t\t\t\t\t\t\t\t\t\t\t\t\t\t\t\t\t\t\t\t\t\t\t\t\t\t\t\t<div class=\"post-meta-list\">\n\t\t\t\t\t\t\t\t\t\t\t\t\t\t\t\t\t\t\t\t\t\t\t\t\t\t\t\t\t\t\t\t<span class=\"meta-date\">\n\t\t\t\t\t\t\t\t\t\t<i aria-hidden=\"true\" class=\"icon icon-calendar3\"><\/i>\t\t\t\t\t\t\t\t\t\t<span class=\"meta-date-text\">\n\t\t\t\t\t\t\t\t\t\t\tnoviembre 6, 2025\t\t\t\t\t\t\t\t\t\t<\/span>\n\t\t\t\t\t\t\t\t\t<\/span>\n\t\t\t\t\t\t\t\t\t\t\t\t\t\t\t\t\t\t\t\t\t\t\t\t\t\t\t\t\t\t\t\t\t\t\t\t\t<\/div>\n\t\t\t\t\t\t\t\t\t\t\t\t                                                            <div class=\"btn-wraper\">\n                                                                            <a class=\"elementskit-btn whitespace--normal\" id=\"\" href=\"https:\/\/benefitlog.com\/inicio\/certificaciones-logisticas\/\">\n                                            Saber m\u00e1s                                                                                     <\/a>\n                                    \n                                                                    <\/div>\n                                                    <\/div><!-- .elementskit-post-body END -->\n                    <\/div>\n                \n            <\/div>\n                    <div class=\"col-lg-4 col-md-6\">\n\n                                    <div class=\"elementskit-post-image-card\">\n                        <div class=\"elementskit-entry-header\">\n                                                            <a href=\"https:\/\/benefitlog.com\/inicio\/la-logistica-resiliente-como-adaptarse-a-la-incertidumbre-y-mantener-la-cadena-de-suministro-en-movimiento\/\" class=\"elementskit-entry-thumb\">\n                                    <img decoding=\"async\" src=\"https:\/\/benefitlog.com\/inicio\/wp-content\/uploads\/2025\/04\/1-DE-MAYO-LINKEDIN-1024x576.png\" alt=\"La Log\u00edstica Resiliente: C\u00f3mo Adaptarse a la Incertidumbre y Mantener la Cadena de Suministro en Movimiento\">\n                                <\/a><!-- .elementskit-entry-thumb END -->\n                                                            \n                                                            <div class=\"elementskit-meta-categories\">\n                                    <span class=\"elementskit-meta-wraper\">\n                                        <span><a href=\"https:\/\/benefitlog.com\/inicio\/category\/consejos\/\" rel=\"category tag\">Consejos<\/a><\/span>\n                                    <\/span>\n                                <\/div>\n                            \n\t\t\t\t\t\t\t\t\t\t\t\t\t<\/div><!-- .elementskit-entry-header END -->\n\n\t\t\t\t\t\t<div class=\"elementskit-post-body \">\n\t\t\t\t\t\t\t\n\t\t\t\t\t\t\t\t\n\t\t\t\t\t\t\t\t\t\t\t\t\t\t\t\t\t\t\t\t\t<h2 class=\"entry-title\">\n\t\t\t\t\t<a href=\"https:\/\/benefitlog.com\/inicio\/la-logistica-resiliente-como-adaptarse-a-la-incertidumbre-y-mantener-la-cadena-de-suministro-en-movimiento\/\">\n\t\t\t\t\t\tLa Log\u00edstica Resiliente: C\u00f3mo Adaptarse a la Incertidumbre y Mantener&hellip;\t\t\t\t\t<\/a>\n\t\t\t\t<\/h2>\n\t\t\t\t\t\t\t\t\t\t\t\n\t\t\t\t\t\t\t\t\t\t\t\t\t\t\t\t\t\t\t\t\t\t\t\t\t\t\t\t\t\t\t\t\t\t\t\t\t\t\t<p>En el din\u00e1mico sector manufacturero, la eficiencia de tu cadena de suministro&hellip;<\/p>\n\t\t\t\t\t\t\t\t\t\t\t\t\t\t\t\t\t\t\t\t\t\t\t\t\t\t\t\t\t\t\t\t\t\t\t\t\t\t\t\t\t\t<div class=\"post-meta-list\">\n\t\t\t\t\t\t\t\t\t\t\t\t\t\t\t\t\t\t\t\t\t\t\t\t\t\t\t\t\t\t\t\t<span class=\"meta-date\">\n\t\t\t\t\t\t\t\t\t\t<i aria-hidden=\"true\" class=\"icon icon-calendar3\"><\/i>\t\t\t\t\t\t\t\t\t\t<span class=\"meta-date-text\">\n\t\t\t\t\t\t\t\t\t\t\tjulio 30, 2025\t\t\t\t\t\t\t\t\t\t<\/span>\n\t\t\t\t\t\t\t\t\t<\/span>\n\t\t\t\t\t\t\t\t\t\t\t\t\t\t\t\t\t\t\t\t\t\t\t\t\t\t\t\t\t\t\t\t\t\t\t\t\t<\/div>\n\t\t\t\t\t\t\t\t\t\t\t\t                                                            <div class=\"btn-wraper\">\n                                                                            <a class=\"elementskit-btn whitespace--normal\" id=\"\" href=\"https:\/\/benefitlog.com\/inicio\/la-logistica-resiliente-como-adaptarse-a-la-incertidumbre-y-mantener-la-cadena-de-suministro-en-movimiento\/\">\n                                            Saber m\u00e1s                                                                                     <\/a>\n                                    \n                                                                    <\/div>\n                                                    <\/div><!-- .elementskit-post-body END -->\n                    <\/div>\n                \n            <\/div>\n                <\/div>\n       <\/div>\t\t\t\t<\/div>\n\t\t\t\t<\/div>\n\t\t\t\t\t<\/div>\n\t\t\t\t<\/div>\n\t\t\t\t<\/div>\n\t\t","protected":false},"excerpt":{"rendered":"<p>Un Legado de Innovaci\u00f3n Log\u00edstica: M\u00e1s de 30 a\u00f1os de experiencia en el sector. Conoce m\u00e1s sobre nosotros Mant\u00e9nte Informado: [&hellip;]<\/p>\n","protected":false},"author":1,"featured_media":0,"parent":0,"menu_order":0,"comment_status":"closed","ping_status":"closed","template":"elementor_header_footer","meta":{"content-type":"","site-sidebar-layout":"no-sidebar","site-content-layout":"","ast-site-content-layout":"full-width-container","site-content-style":"default","site-sidebar-style":"default","ast-global-header-display":"","ast-banner-title-visibility":"","ast-main-header-display":"","ast-hfb-above-header-display":"","ast-hfb-below-header-display":"","ast-hfb-mobile-header-display":"","site-post-title":"disabled","ast-breadcrumbs-content":"","ast-featured-img":"disabled","footer-sml-layout":"","theme-transparent-header-meta":"","adv-header-id-meta":"","stick-header-meta":"","header-above-stick-meta":"","header-main-stick-meta":"","header-below-stick-meta":"","astra-migrate-meta-layouts":"default","ast-page-background-enabled":"default","ast-page-background-meta":{"desktop":{"background-color":"var(--ast-global-color-5)","background-image":"","background-repeat":"repeat","background-position":"center center","background-size":"auto","background-attachment":"scroll","background-type":"","background-media":"","overlay-type":"","overlay-color":"","overlay-opacity":"","overlay-gradient":""},"tablet":{"background-color":"","background-image":"","background-repeat":"repeat","background-position":"center center","background-size":"auto","background-attachment":"scroll","background-type":"","background-media":"","overlay-type":"","overlay-color":"","overlay-opacity":"","overlay-gradient":""},"mobile":{"background-color":"","background-image":"","background-repeat":"repeat","background-position":"center center","background-size":"auto","background-attachment":"scroll","background-type":"","background-media":"","overlay-type":"","overlay-color":"","overlay-opacity":"","overlay-gradient":""}},"ast-content-background-meta":{"desktop":{"background-color":"var(--ast-global-color-4)","background-image":"","background-repeat":"repeat","background-position":"center center","background-size":"auto","background-attachment":"scroll","background-type":"","background-media":"","overlay-type":"","overlay-color":"","overlay-opacity":"","overlay-gradient":""},"tablet":{"background-color":"var(--ast-global-color-4)","background-image":"","background-repeat":"repeat","background-position":"center center","background-size":"auto","background-attachment":"scroll","background-type":"","background-media":"","overlay-type":"","overlay-color":"","overlay-opacity":"","overlay-gradient":""},"mobile":{"background-color":"var(--ast-global-color-4)","background-image":"","background-repeat":"repeat","background-position":"center center","background-size":"auto","background-attachment":"scroll","background-type":"","background-media":"","overlay-type":"","overlay-color":"","overlay-opacity":"","overlay-gradient":""}},"_joinchat":[],"footnotes":""},"class_list":["post-375","page","type-page","status-publish","hentry"],"yoast_head":"<!-- This site is optimized with the Yoast SEO plugin v26.8 - https:\/\/yoast.com\/product\/yoast-seo-wordpress\/ -->\n<title>Contacto - Benefit Logistics<\/title>\n<meta name=\"robots\" content=\"index, follow, max-snippet:-1, max-image-preview:large, max-video-preview:-1\" \/>\n<link rel=\"canonical\" href=\"https:\/\/benefitlog.com\/inicio\/contacto\/\" \/>\n<meta property=\"og:locale\" content=\"es_ES\" \/>\n<meta property=\"og:type\" content=\"article\" \/>\n<meta property=\"og:title\" content=\"Contacto - Benefit Logistics\" \/>\n<meta property=\"og:description\" content=\"Un Legado de Innovaci\u00f3n Log\u00edstica: M\u00e1s de 30 a\u00f1os de experiencia en el sector. Conoce m\u00e1s sobre nosotros Mant\u00e9nte Informado: [&hellip;]\" \/>\n<meta property=\"og:url\" content=\"https:\/\/benefitlog.com\/inicio\/contacto\/\" \/>\n<meta property=\"og:site_name\" content=\"Benefit Logistics\" \/>\n<meta property=\"article:modified_time\" content=\"2025-04-28T13:59:03+00:00\" \/>\n<meta property=\"og:image\" content=\"https:\/\/benefitlog.com\/inicio\/wp-content\/uploads\/2025\/03\/Logo-Benefit-Logistics@.png\" \/>\n\t<meta property=\"og:image:width\" content=\"311\" \/>\n\t<meta property=\"og:image:height\" content=\"84\" \/>\n\t<meta property=\"og:image:type\" content=\"image\/png\" \/>\n<meta name=\"twitter:card\" content=\"summary_large_image\" \/>\n<script type=\"application\/ld+json\" class=\"yoast-schema-graph\">{\"@context\":\"https:\/\/schema.org\",\"@graph\":[{\"@type\":\"WebPage\",\"@id\":\"https:\/\/benefitlog.com\/inicio\/contacto\/\",\"url\":\"https:\/\/benefitlog.com\/inicio\/contacto\/\",\"name\":\"Contacto - Benefit Logistics\",\"isPartOf\":{\"@id\":\"https:\/\/benefitlog.com\/inicio\/#website\"},\"primaryImageOfPage\":{\"@id\":\"https:\/\/benefitlog.com\/inicio\/contacto\/#primaryimage\"},\"image\":{\"@id\":\"https:\/\/benefitlog.com\/inicio\/contacto\/#primaryimage\"},\"thumbnailUrl\":\"https:\/\/benefitlog.com\/inicio\/wp-content\/uploads\/2025\/03\/Logo-Benefit-Logistics@-165x45.png\",\"datePublished\":\"2025-04-24T23:18:00+00:00\",\"dateModified\":\"2025-04-28T13:59:03+00:00\",\"breadcrumb\":{\"@id\":\"https:\/\/benefitlog.com\/inicio\/contacto\/#breadcrumb\"},\"inLanguage\":\"es\",\"potentialAction\":[{\"@type\":\"ReadAction\",\"target\":[\"https:\/\/benefitlog.com\/inicio\/contacto\/\"]}]},{\"@type\":\"ImageObject\",\"inLanguage\":\"es\",\"@id\":\"https:\/\/benefitlog.com\/inicio\/contacto\/#primaryimage\",\"url\":\"https:\/\/benefitlog.com\/inicio\/wp-content\/uploads\/2025\/03\/Logo-Benefit-Logistics@.png\",\"contentUrl\":\"https:\/\/benefitlog.com\/inicio\/wp-content\/uploads\/2025\/03\/Logo-Benefit-Logistics@.png\",\"width\":311,\"height\":84},{\"@type\":\"BreadcrumbList\",\"@id\":\"https:\/\/benefitlog.com\/inicio\/contacto\/#breadcrumb\",\"itemListElement\":[{\"@type\":\"ListItem\",\"position\":1,\"name\":\"Portada\",\"item\":\"https:\/\/benefitlog.com\/inicio\/\"},{\"@type\":\"ListItem\",\"position\":2,\"name\":\"Contacto\"}]},{\"@type\":\"WebSite\",\"@id\":\"https:\/\/benefitlog.com\/inicio\/#website\",\"url\":\"https:\/\/benefitlog.com\/inicio\/\",\"name\":\"Benefit Logistics\",\"description\":\"The Benefit Your Deserve\",\"publisher\":{\"@id\":\"https:\/\/benefitlog.com\/inicio\/#organization\"},\"potentialAction\":[{\"@type\":\"SearchAction\",\"target\":{\"@type\":\"EntryPoint\",\"urlTemplate\":\"https:\/\/benefitlog.com\/inicio\/?s={search_term_string}\"},\"query-input\":{\"@type\":\"PropertyValueSpecification\",\"valueRequired\":true,\"valueName\":\"search_term_string\"}}],\"inLanguage\":\"es\"},{\"@type\":\"Organization\",\"@id\":\"https:\/\/benefitlog.com\/inicio\/#organization\",\"name\":\"Benefit Logistics\",\"url\":\"https:\/\/benefitlog.com\/inicio\/\",\"logo\":{\"@type\":\"ImageObject\",\"inLanguage\":\"es\",\"@id\":\"https:\/\/benefitlog.com\/inicio\/#\/schema\/logo\/image\/\",\"url\":\"https:\/\/benefitlog.com\/inicio\/wp-content\/uploads\/2025\/03\/Logo-Benefit-Logistics@.png\",\"contentUrl\":\"https:\/\/benefitlog.com\/inicio\/wp-content\/uploads\/2025\/03\/Logo-Benefit-Logistics@.png\",\"width\":311,\"height\":84,\"caption\":\"Benefit Logistics\"},\"image\":{\"@id\":\"https:\/\/benefitlog.com\/inicio\/#\/schema\/logo\/image\/\"}}]}<\/script>\n<!-- \/ Yoast SEO plugin. -->","yoast_head_json":{"title":"Contacto - Benefit Logistics","robots":{"index":"index","follow":"follow","max-snippet":"max-snippet:-1","max-image-preview":"max-image-preview:large","max-video-preview":"max-video-preview:-1"},"canonical":"https:\/\/benefitlog.com\/inicio\/contacto\/","og_locale":"es_ES","og_type":"article","og_title":"Contacto - Benefit Logistics","og_description":"Un Legado de Innovaci\u00f3n Log\u00edstica: M\u00e1s de 30 a\u00f1os de experiencia en el sector. Conoce m\u00e1s sobre nosotros Mant\u00e9nte Informado: [&hellip;]","og_url":"https:\/\/benefitlog.com\/inicio\/contacto\/","og_site_name":"Benefit Logistics","article_modified_time":"2025-04-28T13:59:03+00:00","og_image":[{"width":311,"height":84,"url":"https:\/\/benefitlog.com\/inicio\/wp-content\/uploads\/2025\/03\/Logo-Benefit-Logistics@.png","type":"image\/png"}],"twitter_card":"summary_large_image","schema":{"@context":"https:\/\/schema.org","@graph":[{"@type":"WebPage","@id":"https:\/\/benefitlog.com\/inicio\/contacto\/","url":"https:\/\/benefitlog.com\/inicio\/contacto\/","name":"Contacto - Benefit Logistics","isPartOf":{"@id":"https:\/\/benefitlog.com\/inicio\/#website"},"primaryImageOfPage":{"@id":"https:\/\/benefitlog.com\/inicio\/contacto\/#primaryimage"},"image":{"@id":"https:\/\/benefitlog.com\/inicio\/contacto\/#primaryimage"},"thumbnailUrl":"https:\/\/benefitlog.com\/inicio\/wp-content\/uploads\/2025\/03\/Logo-Benefit-Logistics@-165x45.png","datePublished":"2025-04-24T23:18:00+00:00","dateModified":"2025-04-28T13:59:03+00:00","breadcrumb":{"@id":"https:\/\/benefitlog.com\/inicio\/contacto\/#breadcrumb"},"inLanguage":"es","potentialAction":[{"@type":"ReadAction","target":["https:\/\/benefitlog.com\/inicio\/contacto\/"]}]},{"@type":"ImageObject","inLanguage":"es","@id":"https:\/\/benefitlog.com\/inicio\/contacto\/#primaryimage","url":"https:\/\/benefitlog.com\/inicio\/wp-content\/uploads\/2025\/03\/Logo-Benefit-Logistics@.png","contentUrl":"https:\/\/benefitlog.com\/inicio\/wp-content\/uploads\/2025\/03\/Logo-Benefit-Logistics@.png","width":311,"height":84},{"@type":"BreadcrumbList","@id":"https:\/\/benefitlog.com\/inicio\/contacto\/#breadcrumb","itemListElement":[{"@type":"ListItem","position":1,"name":"Portada","item":"https:\/\/benefitlog.com\/inicio\/"},{"@type":"ListItem","position":2,"name":"Contacto"}]},{"@type":"WebSite","@id":"https:\/\/benefitlog.com\/inicio\/#website","url":"https:\/\/benefitlog.com\/inicio\/","name":"Benefit Logistics","description":"The Benefit Your Deserve","publisher":{"@id":"https:\/\/benefitlog.com\/inicio\/#organization"},"potentialAction":[{"@type":"SearchAction","target":{"@type":"EntryPoint","urlTemplate":"https:\/\/benefitlog.com\/inicio\/?s={search_term_string}"},"query-input":{"@type":"PropertyValueSpecification","valueRequired":true,"valueName":"search_term_string"}}],"inLanguage":"es"},{"@type":"Organization","@id":"https:\/\/benefitlog.com\/inicio\/#organization","name":"Benefit Logistics","url":"https:\/\/benefitlog.com\/inicio\/","logo":{"@type":"ImageObject","inLanguage":"es","@id":"https:\/\/benefitlog.com\/inicio\/#\/schema\/logo\/image\/","url":"https:\/\/benefitlog.com\/inicio\/wp-content\/uploads\/2025\/03\/Logo-Benefit-Logistics@.png","contentUrl":"https:\/\/benefitlog.com\/inicio\/wp-content\/uploads\/2025\/03\/Logo-Benefit-Logistics@.png","width":311,"height":84,"caption":"Benefit Logistics"},"image":{"@id":"https:\/\/benefitlog.com\/inicio\/#\/schema\/logo\/image\/"}}]}},"_links":{"self":[{"href":"https:\/\/benefitlog.com\/inicio\/wp-json\/wp\/v2\/pages\/375","targetHints":{"allow":["GET"]}}],"collection":[{"href":"https:\/\/benefitlog.com\/inicio\/wp-json\/wp\/v2\/pages"}],"about":[{"href":"https:\/\/benefitlog.com\/inicio\/wp-json\/wp\/v2\/types\/page"}],"author":[{"embeddable":true,"href":"https:\/\/benefitlog.com\/inicio\/wp-json\/wp\/v2\/users\/1"}],"replies":[{"embeddable":true,"href":"https:\/\/benefitlog.com\/inicio\/wp-json\/wp\/v2\/comments?post=375"}],"version-history":[{"count":7,"href":"https:\/\/benefitlog.com\/inicio\/wp-json\/wp\/v2\/pages\/375\/revisions"}],"predecessor-version":[{"id":383,"href":"https:\/\/benefitlog.com\/inicio\/wp-json\/wp\/v2\/pages\/375\/revisions\/383"}],"wp:attachment":[{"href":"https:\/\/benefitlog.com\/inicio\/wp-json\/wp\/v2\/media?parent=375"}],"curies":[{"name":"wp","href":"https:\/\/api.w.org\/{rel}","templated":true}]}}